-31 + 21) - (0 + 2).
5
Calculate -29 - -30 - (1 + 0 + -3).
3
Calculate -1 + -1 + -1 + (0 - -5).
2
Calculate 4 - 10 - -1 - (-5 + 8).
-8
What is the value of 4 + (0 - 3) + -4?
-3
What is the value of 8 - 2 - (7 - (4 + 1))?
4
What is the value of 12 + -14 - (1 + -5)?
2
What is 1 - -5 - (-4 + 6)?
4
-1 + 1 - (5 - 3)
-2
Calculate -11 + -5 + 10 + -4.
-10
What is the value of (-4 - -3 - -5) + -3?
1
What is the value of (0 - -3) + (-32 - -26)?
-3
What is 6 - (1 + 0) - (0 + 1)?
4
(0 - -3 - -2) + 0
5
(5 - 1 - 3) + 7 + -11
-3
Calculate -3 - (3 + (-6 - 3)).
3
What is the value of -1 + (0 - (-2 + 6))?
-5
What is the value of (1 - (4 + -7)) + (-16 - -13)?
1
What is the value of -7 - (8 - (1 - -13))?
-1
Evaluate 1 + -10 + 7 - 3.
-5
Evaluate -9 + 10 + 2 + -7.
-4
Evaluate -9 - (-10 - (-6 - -6)).
1
-9 - (6 + (-9 - 6 - -3))
-3
13 - (1 + 6 + 0) - 2
4
Evaluate (-1 - -9) + (-29 - -14 - -9).
2
What is -8 + 4 + 2 + -2?
-4
Evaluate -1 + (-2 - 6) + 4 + 1.
-4
Evaluate 2 + -15 + 44 + -25.
6
What is 7 + -14 - (-3 + -1)?
-3
((2 - 0) + -3 - -2) + -3
-2
Calculate -7 + 4 - -5 - (2 - 9).
9
Evaluate (-4 - -3 - 0) + 4 + -1.
2
Calculate 4 + (4 - 1) - 4.
3
2 - 1 - (-84 + 87) - -4
2
Evaluate -2 + 2 + 14 + (-6 - 4).
4
Calculate (2 + -1 - 4) + 1.
-2
Calculate (3 + -13 - -7) + 2.
-1
What is the value of -10 - ((7 - -2) + -12)?
-7
-16 + 14 + -6 - -6
-2
-6 - (2 + -5 + -1)
-2
-3 + (0 - 1 - (-8 - 1))
5
What is 4 + 3 + 4 - 6?
5
What is 4 + -5 + (3 - (1 - -4))?
-3
What is -4 - (2 + 0 - 3)?
-3
What is the value of -1 + -2 + (-8 - -4) + 5?
-2
1 - 8 - -10 - 0
3
What is the value of -2 - (2 + -3 - 2) - 5?
-4
Evaluate 3 + -6 + 7 - 1.
3
What is the value of -5 + -1 + 6 - 2?
-2
What is the value of (3 - 0 - 3) + 5?
5
Calculate (1 - -7) + 12 + -16 + -5.
-1
(-1 + -2 + -7 - -3) + 4
-3
5 + -7 + (9 - 4)
3
What is the value of -2 - (1 - 6 - -6)?
-3
Evaluate 5 + -10 - (-6 + -4 + 6).
-1
Evaluate 4 + -1 + -5 - 0.
-2
Evaluate 2 + 1 - (5 - -4 - 1).
-5
What is 0 + -7 + 1 - (6 - 2)?
-10
What is -10 - (0 - (9 - 6))?
-7
-1 - (1 - (-3 - -2))
-3
Calculate (0 + -5 - -2) + -2.
-5
Calculate 10 - (-5 + 4 + 7).
4
What is 0 + (-2 - -4) - -1 - 3?
0
What is the value of -1 + 3 - (25 + -28)?
5
What is the value of -4 + (-4 + -1 - -5)?
-4
Calculate (-3 - (-6 + -3)) + -4.
2
Calculate (-4 - (3 - 20)) + -8.
5
27 + -28 + 2 + 1
2
Evaluate (-8 - 2) + 1 + (4 - 3).
-8
Evaluate 6 + 3 + -4 + (-10 - -1).
-4
Calculate 4 - (-5 - ((-5 - 3) + 3)).
4
(5 - -1) + (7 - -3) + -11
5
What is the value of 1 - (4 + (6 - 15))?
6
What is the value of (-1 - 4) + 5 + -12 + 2?
-10
1 + -5 + (1 - -8)
5
(-5 - (0 - 2)) + (-38 - -45)
4
What is -9 - (-5 + 2 - 3)?
-3
Calculate 3 - (6 - (-4 + 7)).
0
Evaluate 34 + -25 + (-6 - -3).
6
What is 0 + (0 + -7 - -2)?
-5
What is the value of 0 - (3 - (2 - 2))?
-3
What is -2 + 4 + -5 + 9 + -3?
3
Evaluate 2 - 1 - (-11 + 21).
-9
What is -1 - (3 - (-2 + 3)) - 3?
-6
What is the value of 8 - 7 - (1 - -3) - 1?
-4
What is -13 - (-26 + 18) - (-1 + -12)?
8
-7 + -1 - (-18 - -1)
9
3 - 7 - -2 - 3
-5
Calculate -1 + (-8 - (-25 - -11)).
5
Calculate 1 + -3 + 1 - (-68 - -73).
-6
What is the value of 5 + -11 + 15 - 11?
-2
Calculate 4 - ((3 - (0 - -1)) + -2).
4
What is -1 - ((-1 - 1) + (10 - 10))?
1
What is the value of (2 - 2) + -9 + 5?
-4
What is 1 - -1 - (10 - 8)?
0
What is 0 - -3 - 1 - (-78 + 73)?
7
What is the value of (0 - (2 + 1)) + (9 - 11)?
-5
Evaluate (1 - 1) + 51 + -55.
-4
(1 - -9 - 11) + 9
8
What is the value of 5 + -5 + (0 - (1 - -4))?
-5
What is (58 - 56) + (3 - 9)?
-4
3 + (0 + -8 - -3)
-2
Calculate 1 - (4 + -1 - -2).
-4
Calculate 0 + (-4 - (-1 - 3 - -4)).
-4
Calculate -9 - ((9 - 5) + -1) - -7.
-5
Calculate (7 - (-8 - -6)) + -10.
-1
What is the value of 0 + -7 + 0 + (-14 - -19)?
-2
Calculate (5 - (6 - 2)) + -8 + 3.
-4
Evaluate 7 - (4 - 2 - 0).
5
Evaluate (0 - (9 + -3)) + 7.
1
-4 - (-9 + -2) - 4
3
Evaluate 2 + -11 + 42 + -40.
-7
Evaluate -4 - ((2 - 5) + -4).
3
(-5 - 1) + 11 + -11
-6
Calculate 0 - (-9 + -4 + 5) - 0.
8
2 + (6 - 1) + (-220 - -213)
0
(5 - 0) + 0 + -1 + 0
4
Calculate (-7 - -7) + -3 + -1.
-4
Calculate -6 + (-15 + 7 - -8) - 3.
-9
What is 1 + -1 - ((-9 - 0) + 9)?
0
What is the value of -3 - (-2 + -2 + (-3 - -1))?
3
Evaluate -10 + (10 - 8) - -12.
4
Calculate 0 + 1 + 2 + -3.
0
What is -1 + -1 - -8 - 1?
5
Calculate -198 + 210 - (7 + 1 + -1).
5
-2 + 4 + 1 - 8
-5
Calculate -6 - 0 - (-18 - (-13 - -6)).
5
4 + -5 - 2 - 0
-3
Evaluate 4 - (-4 + 2 + 4).
2
Evaluate 8 - 8 - (-1 + 2).
-1
What is 5 + 5 + -25 + 5 + 5?
-5
11 - (10 - (-4 + 10))
7
Evaluate 6 + 1 + 3 + -6.
4
Evaluate -4 + 7 + 0 + 1.
4
5 + -1 + 0 - 3
1
What is the value of 2 + (8 - (13 - 3))?
0
Calculate (5 - (2 + -3)) + -11.
-5
Calculate (-8 - (5 - 8)) + 4 + 0.
-1
What is the value of -6 - (-7 - -2 - 2)?
1
-4 + 2 + (8 - 11)
-5
What is the value of 4 + -5 + -3 + 8?
4
What is -2 - (2 + 0 + (12 - 18))?
2
Evaluate -4 + 1 + 3 + -12 + 7.
-5
What is 11 - (5 + -5 + 15)?
-4
What is the value of 0 + (8 - (3 - -4))?
1
Calculate 4 - 8 - ((-2 - -7) + -5).
-4
-4 - (0 - 0 - (-5 - -8))
-1
What is the value of (3 - (4 + 2 + -4)) + -6?
-5
What is -1 + (-3 - -2) + 5 + -5?
-2
-1 - 2 - (-7 + 9)
-5
5 + -10 + 7 + -6
-4
What is the value of 4 - (28 - 9) - -10?
-5
Evaluate -1 + (-4 - (1 + 2 + -5)).
-3
(-5 - (3 - 6)) + -2
-4
What is the value of (2 - (-7 - 0)) + -14?
-5
What is the value of 5 + 4 + 1 + 1 + -8?
3
What is the value of 5 + (1 - -2) + 0?
8
Evaluate 7 - (3 + -1 + 3).
2
1 + -8 + 0 + (2 - 2)
-7
Evaluate 2 + (1 - 2) - 4.
-3
Calculate (-3 - (-16 + 8)) + -11.
-6
Evaluate -44 + 48 - (-1 - 3).
8
(1 - -3) + 2 + -6
0
Evaluate (50 - 52) + 0 + 4.
2
Calculate (1 - -2 - 3) + (8 - 5).
3
What is 6 + (-1 - (-8 - -5) - 11)?
-3
What is -1 + (3 + -1 - 4) + 0?
-3
(5 - 1) + (-3 - (3 - 3))
1
(9 + 6 - 4) + -7
4
What is (-4 + 1 - -2) + (1 - -5)?
5
What is -9 + 0 + 5 + 12 + -5?
3
What is -4 + (13 - 12) + 1 + 2?
0
Calculate (0 - -6) + (1 - 5).
2
Evaluate -2 + -5 - 1 - -5.
-3
2 - (-11 + 10 + (0 - -1))
2
Evaluate 7 + (-5 - 5 - 0).
-3
What is the value of (3 + -1 - 8) + 6 + -5?
-5
1 + -12 + 9 + -4
-6
What is -1 + -3 + (4 - -1)?
1
3 - 2 - (56 + -46)
-9
What is (-1 - -1) + (63 - 60)?
3
What is the value of 2 + (-5 - -4) + -3 + 2?
0
Evaluate 3 + (5 - 9 - (3 - 3)).
-1
What is 0 - -2 - (-19 + 21)?
0
Evaluate (-5 - 3) + 5 + 2.
-1
Calculate -3 + 3 + 2 + -4 + 3.
1
What is -4 - (8 - (12 - 5))?
-5
What is -1 + (0 - -2) - 6?
-5
What is (0 - -1) + 8 + -15 + 8?
2
Evaluate 5 - ((-6 - -24) + -5 - 6).
-2
What is the value of 0 + (4 - 10) - -3?
-3
Evaluate -5 - -1 - (4 - 3).
-5
What is -5 + (2 - 2) + (2 - 0)?
-3
Calculate -34 + 28 - (0 + -1 + -2).
-3
What is -2 + (9 - -3) + -2 + -4?
4
What is the value of (-7 - -1) + -13 + 31 + -17?
-5
What is 10 + -7 + -3 + (1 - 4)?
-3
1 + 1 + -3 + 1 + -3
-3
Evaluate 7 - 4 - (-3 + (-3 - -10)).
-1
-5 + (-6 - (-10 - -6))
-7
What is the value of -7 + -1 + 0 + (-3 - -5)?
-6
Evaluate 1 + -9 - (-9 + (-1 - -8)).
-6
-3 + (2 - (-3 - (6 - 4)))
4
What is the value of 66 + -58 - (8 - -1)?
-1
What is the value of 0 - (-2 - (2 - 8))?
-4
What is 0 + -1 - (13 - 9)?
-5
Calculate 7 - (-5 - (-5 + -2)).
5
What is 2 + (-3 - (-4 + 3)) + 2?
2
What is (-4 - -9) + 0 + 1?
6
What is the value of 0 + (4 - 2) + -3 + 2?
1
What is -1 + (7 - 9) + -2 + 0?
-5
Calculate (-3 - (1 + 3 + -8)) + -6.
-5
What is 62 - 72 - (-18 - 1)?
9
Evaluate 14 + -12 + (-14 - -9).
-3
4 + 0 + -14 + 10
0
10 + (-2 - 14 - -3)
-3
What is -5 - ((-5 - 12) + 7)?
5
What is -7 - (-5 - -9 - 11)?
0
7 - (19 - 6 - 6)
0
What is the value of 12 - (12 - -7) - -3?
-4
Calculate 4 + (-6 - -3) + (15 - 9).
7
-9 + -1 + 1 + 5 + -2
-6
Evaluate 4 - (0 - 1 - (0 + 0)).
5
-4 - (1 - (13 + -3))
5
-4 + (10 + -12 - -2)
-4
What is the value of -7 + 6 - (4 + 4 + -9)?
0
-1 + (0 - -8) - (38 + -35)
4
Calculate (2 - 9) + 8 - 9.
-8
Calculate 5 + (1 - 3) + -3.
0
Evaluate (19 - (10 + 15)) + (-2 - -1).
-7
Evaluate (8 - (-4 - -11)) + 1 + -1.
1
Calculate 0 + 8 - (8 + 9 + -12).
3
Calculate (-6 - -2 - -8) + 1.
5
Evaluate -10 + 15 + -9 + 8.
4
-2 + 0 - 1 - -3 - 2
-2
Calculate -11 - (-19 + 17 + (2 - 7)).
-4
What is the value of -8 + (13 - (13 + -5))?
-3
Evaluate 0 - 0 - 3 - (47 + -51).
1
What is the value of (70 - 61) + (-5 - -1)?
5
Evaluate 12 + -10 + 1 + (-1 - 7).
-5
Evaluate 7 + 1 + 2 + -5 - 7.
-2
Evaluate (0 - 3 - -7 - 2) + -2.
0
What is (35 - 38) + (-1 - -2)?
-2
What is the value of 2 - ((-